 f(l).
3
Let h(a) = -4*a**2 - 4*a + 6. Let u(f) = -5*f**2 - 2*f + 10. Let y(k) = -4*h(k) + 3*u(k). Calculate y(-5).
-19
Let u(g) = -g**2. Let b(d) = 7*d - 156. Let t be b(22). Give u(t).
-4
Let z(u) = -2*u**3 + u**2 - 1. Suppose 11 = -a - 4*s, 5*s + 3 = 4*a + 5. Suppose 5*m - 2*h + 6*h + 10 = 0, 4*m + h - 3 = 0. Let l be m*a/18*-3. Give z(l).
-2
Let w be (-5 - (-65)/15)/((-4)/18). Let t(u) = -2 - 4*u + 7 - 3 - w. Let m = -11 + 15. What is t(m)?
-17
Let m(q) = -3*q - 8. Let g be m(-3). Let x(j) = -2*j**2 + 4*j**2 + 8*j - g - 3*j**2. What is x(5)?
14
Let k(x) be the second derivative of x**6/720 - 3*x**4/2 + 28*x. Let z(g) be the third derivative of k(g). Give z(5).
5
Let a(l) = -l**2 - 5*l + 2. Let k be a(-5). Let g(w) = 27*w + 2 - w**2 + 2*w**k - 27*w. Calculate g(0).
2
Let c(t) be the third derivative of -t**4/24 + 3*t**3/2 + 414*t**2. Let d = -1 + 6. Calculate c(d).
4
Suppose -6*q - 11 = 7. Suppose v = -4*v - 5. Let o be 3/v - 0/q. Let a(k) = -k + 1. Give a(o).
4
Suppose -30 = -539*m + 536*m. Let g(d) = -d**3 - d**2 - d + 1. Let o(i) = 3*i**3 + 15*i**2 - 6*i + 4. Let r(k) = 4*g(k) + o(k). Determine r(m).
8
Let c(q) = 13*q + 16*q**2 + 11*q**2 - 15*q + 22*q**2 - 9 - 50*q**2. What is c(4)?
-33
Let j = 63 + -61. Let g(w) = -4*w - 5*w - 7*w + j*w. Give g(-1).
14
Suppose 4*t + 8 = h + 1, -3*h + 14 = -5*t. Let s(x) = 3*x**2 - 4*x**3 + 6*x**3 - x**h + x - 1 + 0. Determine s(-2).
1
Let z(t) = 331*t - 16 + 2 - 332*t. What is z(-6)?
-8
Let g be 336/(-13) + 6 + (-2)/13. Let x be 2/6*3/(-4)*g. Let y(v) = v - 2. Determine y(x).
3
Let t(i) = i**2 - 6*i - 3. Let k = 137 + -131. Calculate t(k).
-3
Let n be -1*(-9 + 3 + -3). Let p be (-6)/(-15) + (-40)/(-25). Let q(a) = n*a**3 + p*a - 5*a + a + a. Give q(1).
8
Let k(v) = v**3 + 7*v**2 + 7*v - 1. Let c(t) be the third derivative of t**5/60 - 13*t**4/24 + 6*t**3 - 4*t**2. Let j be c(7). Give k(j).
-7
Suppose 2 + 6 = -2*s. Let t(h) = -h**3 - 7*h**2 + h + 3. Let c(g) = g**3 + 9*g**2 - 4. Let f(q) = -2*c(q) - 3*t(q). Calculate f(s).
-5
Let w(v) = -8*v + 56 + 60 + v - 110. Give w(6).
-36
Let t(j) = -j**3 - 6*j**2 - 5*j + 3. Suppose -4*r - 17 = 3. Determine t(r).
3
Let f(j) = -j**3 + 0*j**3 + 0*j**3 - 4*j + 3 + 3*j**3. Calculate f(2).
11
Let b(v) = -v**3 + 8*v**2 + v - 3. Let r(f) = 16*f**3 + 3*f**2 - 3*f. Let g(d) = 5*d**3 + d**2 - d. Let p(t) = -8*g(t) + 3*r(t). Let i be p(1). Determine b(i).
5
Let g(f) = -7*f**3 + 5*f**2 + 1. Let t(d) = -d**3 + d**2 - 6*d. Let m(x) = x. Let r(j) = 6*m(j) + t(j). Let k(n) = -g(n) + 5*r(n). Determine k(-1).
-3
Let k(m) = -m**3 + 5*m**2 + 6*m + 1. Suppose -5*w + 37 = 2*b, 3*b = w + 3*w - 2. What is k(b)?
1
Let t be 444/54 + 20/(-90). Let m(a) = -4*a + 26. Determine m(t).
-6
Let y(v) = v**3 - 25*v**2 + v - 30. Suppose 0 = -4*g - 3*k + 103, -224*g + 220*g - 2*k = -102. Calculate y(g).
-5
Suppose 2*c + 20 = -0*c - 4*a, -5*a - 35 = 5*c. Suppose -2*b - 3 = -3*u, -2 = 3*b - 5*u - 0. Let w = c - b. Let d(q) = -q**2 + 6*q. Calculate d(w).
5
Let h(q) = -9*q**3 - 8*q**2 - 2*q + 5. Let m(p) = 8*p**3 + 6*p**2 + p - 4. Let c(j) = -3*h(j) - 4*m(j). Let t(i) = i - 8. Let b be t(7). Determine c(b).
4
Let m = -88 - -82. Let o(z) = -z**3 - 5*z**2 + 2*z. Calculate o(m).
24
Let x(o) = -o**3 + 5*o**2 + 3*o + 7. Suppose -1 - 5 = -3*a. Let g be (1 - -9)*(-129)/(-215). Suppose 0 = a*p - g*p + 24. What is x(p)?
-11
Suppose 6 = 3*b - 24. Suppose 13*s + 3 = b*s. Let o(q) = -3 + 3 + 1 + 13*q. Give o(s).
-12
Let v = 2826 - 2834. Let y(n) = 4*n**2 + 37*n - 19. Let c(u) = u**2 + 9*u - 5. Let d(w) = -9*c(w) + 2*y(w). What is d(v)?
-1
Let l(m) be the first derivative of m**4/4 + 5*m**3/3 + m**2/2 + 14. Suppose 5 = r + 2*x, 4*r + 0*r - 2*x = -30. Determine l(r).
-5
Suppose b + 2*i - 17 = 0, 3*b + 7 = -i + 38. Let r(h) = -4*h**2 + 6*h - h**3 - 5 - b*h + 8*h - h**2. What is r(-6)?
1
Let l(t) be the first derivative of t**6/120 + 7*t**5/60 - 5*t**4/24 + 7*t**3/6 + 23*t**2/2 + 26. Let q(r) be the second derivative of l(r). Determine q(-8).
-17
Let j be (30/(-35))/((-2)/14). Suppose j = 2*w + w. Let b = 2 - w. Let h(l) = -l**2 + l - 9. What is h(b)?
-9
Let m(w) = w**3 + 4*w**2 - w + 2. Let h be 5/55 - (-969)/(-11). Suppose -x = -0*x + 33. Let u be ((-6)/4)/(x/h). What is m(u)?
6
Suppose 33*a - 27*a = 156. Let u = a + -26. Let j(k) = -k**3 + k**2 + 7. Determine j(u).
7
Let h(d) be the first derivative of -d**3/3 - 3*d**2 + 2*d - 137. Let y = -20 - -13. Determine h(y).
-5
Let j(u) = -u**2 + 5*u + 17. Let n = -15 + 22. Let f be j(n). Let o(g) = g + 2. Give o(f).
5
Let i(a) = -a**3 - 4*a**2 + 14*a - 8. Let b be i(-7). Suppose -42 + b = u. Let f(c) be the second derivative of 3*c**3/2 - c**2/2 + c. Give f(u).
-10
Let b(a) = a - 3*a**2 - 5*a + 2*a**2. Let d be (1/1)/((-2)/10). Let j be 1*-1*(-25)/d. Give b(j).
-5
Let t(p) = p + 4. Let d be t(-2). Let y(h) = 6*h - d*h - 3*h + h. Suppose -m = 4*m - 10. Give y(m).
4
Let k(q) = -1. Let a(t) = -t + 1. Let y(p) = -2*p - 1. Let d(s) = 3*a(s) - y(s). Let i(l) = d(l) - 3*k(l). Let r be 15/2*(-4)/5. What is i(r)?
13
Suppose 0*s + 2*s = 5*z - 415, 3*s - 83 = -z. Let c(i) = z*i**2 - 2 - 3*i**3 - 88*i**2 + i + 4*i**3. What is c(4)?
-14
Let h(u) = 15*u - 37*u + 5 + 11*u + 13*u. Let c(f) = 7*f**3 + f**2 - f - 1. Let t be c(-1). Calculate h(t).
-7
Let h(z) = -z + 1. Let s(i) = -i**3 + 3*i**2 + 3*i + 2. Let j(p) = 3*h(p) - s(p). Suppose -6*t + 14 = -34. Suppose -b - b + t = 0. Calculate j(b).
-7
Let w be (2/(-1) - 0) + (13 - 7). Let t(z) = -6*z + 6. What is t(w)?
-18
Let c be (-1)/((-108)/105 + 1). Suppose 5*k + 5*u + c = 0, 0*u + 17 = -5*k + u. Let r(g) = 0*g**3 - 2*g**2 + 1 + 0*g**3 + 6*g**2 + g**3. What is r(k)?
1
Suppose -t + 4 = -0*t. Suppose t*n = -16, 0*r + 2*n - 1 = r. Let v be ((-9)/(-6))/(r/36). Let a(g) = g + 9. Give a(v).
3
Let k(j) = j**3 + 0*j**2 + 12 - 14 - 7*j**2 - 7 + j**2 + 2*j. What is k(6)?
3
Let q(z) = -14*z**2 - 1. Let b(y) = y**2 - 42*y + 298. Let c be b(33). What is q(c)?
-15
Let i = -901 + 896. Let d(r) = -11*r + 7. Determine d(i).
62
Suppose p - 5*v + 17 = 0, -8 = -3*v + v. Let y be (2/p)/((-2)/3). Let b(i) = 11*i + 1 - 11*i + 16*i. Give b(y).
-15
Let x(j) be the second derivative of j**5/20 + 7*j**4/6 - 8*j**3/3 - 15*j**2/2 - 103*j. What is x(-15)?
0
Let q(h) = -1 + 4*h**3 - h**3 - 13*h**2 - h - 12*h**2 + 27*h**2 - 2*h**3. Determine q(0).
-1
Suppose -16 = -11*x - 82. Let w(g) = g**3 + 4*g**2 - 6*g - 1. Determine w(x).
-37
Let u(i) = i**2 + i + 1. Let z(g) = 3*g**2 - 2*g + 1. Let r(b) = b - 1. Let y be r(0). Let d(t) = y*z(t) + 2*u(t). Let o be (0/(-23) + (-3)/(-4))*4. Give d(o).
4
Let v(m) = -10*m**2 - 36*m + 9. Let x(t) = -3*t**2 - 12*t + 3. Let z(n) = 2*v(n) - 7*x(n). Calculate z(-12).
-3
Let u(j) = -j - 7. Let a(r) = 2*r + 18. Let v(t) = 2*a(t) + 5*u(t). Let x(o) = o**2 - 6*o - 3. Let k be x(6). Give v(k).
4
Let f(t) be the third derivative of t**4/3 - t**3/6 - 290*t**2. Let u = 1 - 0. Give f(u).
7
Let c(b) be the first derivative of -b**5/10 - b**4/12 + b**3/2 - b**2 - 9*b - 1. Let a(h) be the first derivative of c(h). What is a(2)?
-16
Let j(d) = d**2 + 12*d + 28. Let l be j(-10). Let g(v) be the first derivative of v**2/2 - 11*v - 6. Determine g(l).
-3
Let u(f) be the first derivative of 8*f - 2*f**3 + 16 - f**2 + 1/4*f**4. Let d = 4 + 2. Determine u(d).
-4
Let f(g) = -30*g**3 + g. Let r = 425 + -424. What is f(r)?
-29
Let c(n) = 3*n - 6. Let u be 25*(-6)/(-90)*3. Give c(u).
9
Let i(a) be the first derivative of a**3/3 - 7*a**2/2 + 3*a + 99. What is i(3)?
-9
Let k(i) = 5*i**2 + 9*i + 6. Let r(x) be the first derivative of 4*x**3/3 + 4*x**2 + 5*x + 6. Let w(z) = -3*k(z) + 4*r(z). What is w(-4)?
-2
Let q(l) = -l**3 - 6*l**2 + 5. Let f(g) be the third derivative of 1/4*g**4 + 0*g - g**3 - 5*g**2 - 1/60*g**5 + 0. Let p be f(6). What is q(p)?
5
Let j = 30 - 32. Let p(x) = 5*x - 4*x + 2 + 0. Give p(j).
0
Let c(p) = p**3 - 5*p**2 + 70*p - 27*p - 37*p + 10*p**2 + 5. Let i be ((-6)/5)/(3/10). Determine c(i).
-3
Let m(v) = -v**3 - 5*v**2 - 4*v - 3. Let y = -955 + 949. Give m(y).
57
Let p(s) = s**3 - 5*s**2 + 7*s - 9. Suppose -4*f = -5*o - 41, 29*f + 4*o = 32*f - 32. Give p(f).
3
Let p(d) = -d**2 - 9*d - 3*d**2 + d**2 - 5 + 2*d**2. Let g be (-11 - 1)*(-6)/(-8). What is p(g)?
-5
Let m(p) = p**2 - 6*p + 4. Let n(q) = q**3 - 4*q**2 + q - 4. Let z be n(3). Let h = 12 + z